{"id":43,"date":"2021-02-01T11:22:06","date_gmt":"2021-02-01T10:22:06","guid":{"rendered":"https:\/\/www.adtp-drome-ardeche.fr\/?page_id=43"},"modified":"2021-02-15T14:42:25","modified_gmt":"2021-02-15T13:42:25","slug":"mention-legales","status":"publish","type":"page","link":"https:\/\/www.adtp-drome-ardeche.fr\/index.php\/mention-legales\/","title":{"rendered":"Mention L\u00e9gales"},"content":{"rendered":"\t\t<div data-elementor-type=\"wp-page\" data-elementor-id=\"43\" class=\"elementor elementor-43\">\n\t\t\t\t\t\t\t\t\t<section class=\"elementor-section elementor-top-section elementor-element elementor-element-29f736d elementor-section-boxed elementor-section-height-default elementor-section-height-default\" data-id=\"29f736d\" data-element_type=\"section\">\n\t\t\t\t\t\t<div class=\"elementor-container elementor-column-gap-default\">\n\t\t\t\t\t<div class=\"elementor-column elementor-col-100 elementor-top-column elementor-element elementor-element-3e5d699\" data-id=\"3e5d699\" data-element_type=\"column\">\n\t\t\t<div class=\"elementor-widget-wrap elementor-element-populated\">\n\t\t\t\t\t\t\t\t<div class=\"elementor-element elementor-element-aa06c77 elementor-widget elementor-widget-text-editor\" data-id=\"aa06c77\" data-element_type=\"widget\" data-widget_type=\"text-editor.default\">\n\t\t\t\t<div class=\"elementor-widget-container\">\n\t\t\t\t\t\t\t<p><strong>IDENTITE :\u00a0<\/strong><\/p><p>Nom du site web : adtp-drome-ardeche<\/p><p>Adresse : http:\/\/adtp-drome-ardeche-fr<\/p><p>Propri\u00e9taire : Sarl ADTP<\/p><p>07250 Le POUZIN<\/p><p>(siret)<\/p><p>T\u00e9l : 0642329838<\/p><p>Mail : sarl.adtp.07@gmail.com<\/p><p><strong>HEBERGEMENT :\u00a0<\/strong><\/p><p>Agence TooEasy<\/p><p>26000 VALENCE<\/p><p>T\u00e9l : 0475845430<\/p><p>Mail : support[at]tooeasyfr<\/p><p>http:\/\/www.tooeasy.fr<\/p><p>Conditions d&rsquo;utilisation<\/p><p>L&rsquo;utilisation du pr\u00e9sent site implique l&rsquo;acceptation pleine et enti\u00e8re des conditions g\u00e9n\u00e9rales d&rsquo;utilisation d\u00e9crites ci-apr\u00e8s. Ces conditions d&rsquo;utilisation sont susceptibles d&rsquo;\u00eatre modifi\u00e9es ou compl\u00e9t\u00e9es \u00e0 tout moment.<\/p><p>Informations<\/p><p>Les informations et documents du site sont pr\u00e9sent\u00e9s \u00e0 titre indicatif, ne rev\u00eatent pas un caract\u00e8re exhaustif, et ne peuvent engager la responsabilit\u00e9 du propri\u00e9taire du site. Le propri\u00e9taire du site ne peut \u00eatre tenu responsable des dommages directs et indirects cons\u00e9cutifs \u00e0 l&rsquo;acc\u00e8s au site.<\/p><p>Interactivit\u00e9<\/p><p>Les utilisateurs du site peuvent \u00e9ventuellement y d\u00e9poser du contenu, apparaissant sur le site dans l&rsquo;espace d\u00e9di\u00e9s (notamment via les commentaires). Les contenu d\u00e9pos\u00e9 reste sous la responsabilit\u00e9 de leurs auteurs, qui en assument pleinement l&rsquo;enti\u00e8re responsabilit\u00e9 juridique.<\/p><p>Le propri\u00e9taire du site se r\u00e9serve le droit de retirer sans pr\u00e9avis et sans justification tout contenu d\u00e9pos\u00e9 par les utilisateurs qui ne satisferait pas la charte d\u00e9ontologique du site ou \u00e0 la l\u00e9gislation en vigueur.<\/p><p>Propri\u00e9t\u00e9 intellectuelle<\/p><p>Sauf mention contraire, tous les \u00e9l\u00e9ments accessibles sur le site (textes, images, graphismes, logo, ic\u00f4nes, sons, logiciels, etc.) restent la propri\u00e9t\u00e9 exclusive de leurs auteurs, en ce qui concerne les droits de propri\u00e9t\u00e9 intellectuelle ou les droits d&rsquo;usage. Toute reproduction, repr\u00e9sentation, modification, publication, adaptation de tout ou partie des \u00e9l\u00e9ments du site, quel que soit le moyen ou le proc\u00e9d\u00e9 utilis\u00e9, est interdit, sauf autorisation \u00e9crite pr\u00e9alable de l&rsquo;auteur. Toute exploitation non autoris\u00e9e du site ou de l&rsquo;un quelconque des \u00e9l\u00e9ments qu&rsquo;il contient est consid\u00e9r\u00e9e comme constitutive d&rsquo;une contrefa\u00e7on et peut \u00eatre poursuivie en justice. les marques et logos reproduits sur le site sont d\u00e9pos\u00e9 par les soci\u00e9t\u00e9s qui en sont propri\u00e9taire.<\/p><p>Liens<\/p><p>Liens sortants<\/p><p>Le propri\u00e9taire du site d\u00e9cline toute responsabilit\u00e9 et n&rsquo;est pas engag\u00e9 par le r\u00e9f\u00e9rencement via des liens hypertextes, de ressources tierces pr\u00e9sentes sur le r\u00e9seau Internet, tant en ce qui concerne leur contenu que leur pertinence.<\/p><p>Liens entrants<\/p><p>Le propri\u00e9taire du site autorise les liens hypertextes vers l&rsquo;une des pages de ce site, \u00e0 condition que ceux-ci ouvrent une nouvelles fen\u00eatre et soient pr\u00e9sent\u00e9s de mani\u00e8re non \u00e9quivoque afin d&rsquo;\u00e9viter :\u00a0<\/p><ul><li>Tout risque de confusion entre le site citant et le propri\u00e9taire du site<\/li><li>Ainsi que toute pr\u00e9sentation tendancieuse, ou contraire aux lois en vigueur.\u00a0 \u00a0 \u00a0 \u00a0 \u00a0 \u00a0 \u00a0 \u00a0 \u00a0 \u00a0 \u00a0 \u00a0 \u00a0 \u00a0 \u00a0 \u00a0\u00a0<\/li><\/ul><p>Le propri\u00e9taire du site se r\u00e9serve le droit de demander la suppression d&rsquo;un lien s&rsquo;il estime que le site source ne respecte pas les r\u00e8gles ainsi d\u00e9finies.<\/p><p>Confidentialit\u00e9<\/p><p>Tout utilisateur dispose d&rsquo;un droit d&rsquo;acc\u00e8s, de rectification et d&rsquo;opposition aux donn\u00e9es personnelles le concernant, en effectuant sa demande \u00e9crite et sign\u00e9e, accompagn\u00e9e d&rsquo;une preuve d&rsquo;identit\u00e9. Le site ne recueille pas d&rsquo;information personnelles, et n&rsquo;est pas assujetti \u00e0 d\u00e9claration \u00e0 la CNIL.<\/p>\t\t\t\t\t\t<\/div>\n\t\t\t\t<\/div>\n\t\t\t\t\t<\/div>\n\t\t<\/div>\n\t\t\t\t\t\t\t<\/div>\n\t\t<\/section>\n\t\t\t\t\t\t\t<\/div>\n\t\t","protected":false},"excerpt":{"rendered":"<p>IDENTITE :\u00a0 Nom du site web : adtp-drome-ardeche Adresse : http:\/\/adtp-drome-ardeche-fr Propri\u00e9taire [&hellip;]<\/p>\n","protected":false},"author":1,"featured_media":0,"parent":0,"menu_order":0,"comment_status":"closed","ping_status":"closed","template":"elementor_header_footer","meta":{"footnotes":""},"class_list":["post-43","page","type-page","status-publish","hentry"],"yoast_head":"<!-- This site is optimized with the Yoast SEO plugin v24.9 - https:\/\/yoast.com\/wordpress\/plugins\/seo\/ -->\n<title>Mention L\u00e9gales - Sarl ADTP<\/title>\n<meta name=\"robots\" content=\"index, follow, max-snippet:-1, max-image-preview:large, max-video-preview:-1\" \/>\n<link rel=\"canonical\" href=\"https:\/\/www.adtp-drome-ardeche.fr\/index.php\/mention-legales\/\" \/>\n<meta property=\"og:locale\" content=\"fr_FR\" \/>\n<meta property=\"og:type\" content=\"article\" \/>\n<meta property=\"og:title\" content=\"Mention L\u00e9gales - Sarl ADTP\" \/>\n<meta property=\"og:description\" content=\"IDENTITE :\u00a0 Nom du site web : adtp-drome-ardeche Adresse : http:\/\/adtp-drome-ardeche-fr Propri\u00e9taire [&hellip;]\" \/>\n<meta property=\"og:url\" content=\"https:\/\/www.adtp-drome-ardeche.fr\/index.php\/mention-legales\/\" \/>\n<meta property=\"og:site_name\" content=\"Sarl ADTP\" \/>\n<meta property=\"article:modified_time\" content=\"2021-02-15T13:42:25+00:00\" \/>\n<meta name=\"twitter:card\" content=\"summary_large_image\" \/>\n<meta name=\"twitter:label1\" content=\"Dur\u00e9e de lecture estim\u00e9e\" \/>\n\t<meta name=\"twitter:data1\" content=\"3 minutes\" \/>\n<script type=\"application\/ld+json\" class=\"yoast-schema-graph\">{\"@context\":\"https:\/\/schema.org\",\"@graph\":[{\"@type\":\"WebPage\",\"@id\":\"https:\/\/www.adtp-drome-ardeche.fr\/index.php\/mention-legales\/\",\"url\":\"https:\/\/www.adtp-drome-ardeche.fr\/index.php\/mention-legales\/\",\"name\":\"Mention L\u00e9gales - Sarl ADTP\",\"isPartOf\":{\"@id\":\"https:\/\/www.adtp-drome-ardeche.fr\/#website\"},\"datePublished\":\"2021-02-01T10:22:06+00:00\",\"dateModified\":\"2021-02-15T13:42:25+00:00\",\"breadcrumb\":{\"@id\":\"https:\/\/www.adtp-drome-ardeche.fr\/index.php\/mention-legales\/#breadcrumb\"},\"inLanguage\":\"fr-FR\",\"potentialAction\":[{\"@type\":\"ReadAction\",\"target\":[\"https:\/\/www.adtp-drome-ardeche.fr\/index.php\/mention-legales\/\"]}]},{\"@type\":\"BreadcrumbList\",\"@id\":\"https:\/\/www.adtp-drome-ardeche.fr\/index.php\/mention-legales\/#breadcrumb\",\"itemListElement\":[{\"@type\":\"ListItem\",\"position\":1,\"name\":\"Accueil\",\"item\":\"https:\/\/www.adtp-drome-ardeche.fr\/\"},{\"@type\":\"ListItem\",\"position\":2,\"name\":\"Mention L\u00e9gales\"}]},{\"@type\":\"WebSite\",\"@id\":\"https:\/\/www.adtp-drome-ardeche.fr\/#website\",\"url\":\"https:\/\/www.adtp-drome-ardeche.fr\/\",\"name\":\"Sarl ADTP\",\"description\":\"Une Id\u00e9e, Une Envie, Un Devis\",\"potentialAction\":[{\"@type\":\"SearchAction\",\"target\":{\"@type\":\"EntryPoint\",\"urlTemplate\":\"https:\/\/www.adtp-drome-ardeche.fr\/?s={search_term_string}\"},\"query-input\":{\"@type\":\"PropertyValueSpecification\",\"valueRequired\":true,\"valueName\":\"search_term_string\"}}],\"inLanguage\":\"fr-FR\"}]}<\/script>\n<!-- \/ Yoast SEO plugin. -->","yoast_head_json":{"title":"Mention L\u00e9gales - Sarl ADTP","robots":{"index":"index","follow":"follow","max-snippet":"max-snippet:-1","max-image-preview":"max-image-preview:large","max-video-preview":"max-video-preview:-1"},"canonical":"https:\/\/www.adtp-drome-ardeche.fr\/index.php\/mention-legales\/","og_locale":"fr_FR","og_type":"article","og_title":"Mention L\u00e9gales - Sarl ADTP","og_description":"IDENTITE :\u00a0 Nom du site web : adtp-drome-ardeche Adresse : http:\/\/adtp-drome-ardeche-fr Propri\u00e9taire [&hellip;]","og_url":"https:\/\/www.adtp-drome-ardeche.fr\/index.php\/mention-legales\/","og_site_name":"Sarl ADTP","article_modified_time":"2021-02-15T13:42:25+00:00","twitter_card":"summary_large_image","twitter_misc":{"Dur\u00e9e de lecture estim\u00e9e":"3 minutes"},"schema":{"@context":"https:\/\/schema.org","@graph":[{"@type":"WebPage","@id":"https:\/\/www.adtp-drome-ardeche.fr\/index.php\/mention-legales\/","url":"https:\/\/www.adtp-drome-ardeche.fr\/index.php\/mention-legales\/","name":"Mention L\u00e9gales - Sarl ADTP","isPartOf":{"@id":"https:\/\/www.adtp-drome-ardeche.fr\/#website"},"datePublished":"2021-02-01T10:22:06+00:00","dateModified":"2021-02-15T13:42:25+00:00","breadcrumb":{"@id":"https:\/\/www.adtp-drome-ardeche.fr\/index.php\/mention-legales\/#breadcrumb"},"inLanguage":"fr-FR","potentialAction":[{"@type":"ReadAction","target":["https:\/\/www.adtp-drome-ardeche.fr\/index.php\/mention-legales\/"]}]},{"@type":"BreadcrumbList","@id":"https:\/\/www.adtp-drome-ardeche.fr\/index.php\/mention-legales\/#breadcrumb","itemListElement":[{"@type":"ListItem","position":1,"name":"Accueil","item":"https:\/\/www.adtp-drome-ardeche.fr\/"},{"@type":"ListItem","position":2,"name":"Mention L\u00e9gales"}]},{"@type":"WebSite","@id":"https:\/\/www.adtp-drome-ardeche.fr\/#website","url":"https:\/\/www.adtp-drome-ardeche.fr\/","name":"Sarl ADTP","description":"Une Id\u00e9e, Une Envie, Un Devis","potentialAction":[{"@type":"SearchAction","target":{"@type":"EntryPoint","urlTemplate":"https:\/\/www.adtp-drome-ardeche.fr\/?s={search_term_string}"},"query-input":{"@type":"PropertyValueSpecification","valueRequired":true,"valueName":"search_term_string"}}],"inLanguage":"fr-FR"}]}},"_links":{"self":[{"href":"https:\/\/www.adtp-drome-ardeche.fr\/index.php\/wp-json\/wp\/v2\/pages\/43","targetHints":{"allow":["GET"]}}],"collection":[{"href":"https:\/\/www.adtp-drome-ardeche.fr\/index.php\/wp-json\/wp\/v2\/pages"}],"about":[{"href":"https:\/\/www.adtp-drome-ardeche.fr\/index.php\/wp-json\/wp\/v2\/types\/page"}],"author":[{"embeddable":true,"href":"https:\/\/www.adtp-drome-ardeche.fr\/index.php\/wp-json\/wp\/v2\/users\/1"}],"replies":[{"embeddable":true,"href":"https:\/\/www.adtp-drome-ardeche.fr\/index.php\/wp-json\/wp\/v2\/comments?post=43"}],"version-history":[{"count":10,"href":"https:\/\/www.adtp-drome-ardeche.fr\/index.php\/wp-json\/wp\/v2\/pages\/43\/revisions"}],"predecessor-version":[{"id":430,"href":"https:\/\/www.adtp-drome-ardeche.fr\/index.php\/wp-json\/wp\/v2\/pages\/43\/revisions\/430"}],"wp:attachment":[{"href":"https:\/\/www.adtp-drome-ardeche.fr\/index.php\/wp-json\/wp\/v2\/media?parent=43"}],"curies":[{"name":"wp","href":"https:\/\/api.w.org\/{rel}","templated":true}]}}